n**2 - 73*n + 2*n**2 + 213*n - 7. Give h(6).
5
Let b(s) be the first derivative of s**2 + 6*s + 1. Let g = 9 + 0. Suppose 0 = -3*u - 3 - g. Determine b(u).
-2
Let v(g) = -4*g - 1. Let u = -71 + 105. Let s = u + -37. Calculate v(s).
11
Let a = 17 - 17. Suppose 3*t - 2*h = -9, -2*t + a*t - h = 6. Let o be (2/t)/(4/(-30)). Let r(s) = s**2 - 3*s + 3. Determine r(o).
13
Let m be 0 - (-1)/((-3)/9). Let d(t) = -8*t + 2*t + 1 - 2*t - 5. What is d(m)?
20
Let m(l) = -l**3 + 5*l**2 + 2*l. Let h be m(6). Let k = -26 - h. Let q(r) = -9*r + 2. Give q(k).
20
Let o = 36 + -46. Let k(v) = v + 9*v**2 + v**2 - 9 - 2*v + v**3. What is k(o)?
1
Let u(s) = 7*s**2 - 5*s - 1. Let a(m) = 3*m**2 - 2*m - 1. Let b = 2 + 0. Let y(l) = b*u(l) - 5*a(l). Let v be (240/200)/(-3*4/30). Calculate y(v).
-6
Suppose -4*k = 10*k - 42. Let n(u) = u**2 + 6*u. Let i(a) = 2*a**2 - a**2 + 5*a + 0*a**2. Let l(d) = 6*i(d) - 5*n(d). Give l(k).
9
Let a(c) be the third derivative of c**4/8 + c**3/3 - 2*c**2. Let b = -29 + 30. Suppose 2*o = -9 + b. Give a(o).
-10
Let t(a) = 15*a - 10. Let n be t(1). Suppose -n*g + 8 = -7. Let p(d) = 3*d**2 - 4. Determine p(g).
23
Let f be 26/4 - (-1)/(-2). Let b(t) = -t - f - t + t. Let r be 1/(4 - (-5)/(-60)*52). Determine b(r).
-3
Let r(c) = -c**3 - 8*c**2 - 4*c - 1. Let i be (-290)/(-2465) - (-276)/(-34). Give r(i).
31
Suppose 30 = 5*m - 0*m. Suppose 3*d - m = d. Let h(t) = 9*t**2 + 4 - 2*t - 2*t**2 + t**d + 9*t. Give h(-6).
-2
Let q(m) = 22. Let h(t) = t + 112. Let x(p) = 2*h(p) - 10*q(p). Give x(6).
16
Suppose 2*w + 20 = -2*w. Let l(t) be the first derivative of -t**5/60 - t**4/6 + t**3/3 - 7*t**2/2 + 4. Let d(h) be the second derivative of l(h). Give d(w).
-3
Let h(l) = 7*l**2 + 1. Suppose 2*m = 2*s - 21 + 15, 5*s - 17 = 3*m. Determine h(m).
8
Suppose -5*m + 2*m + 15 = 0. Let d(s) = m*s + 8*s - 5 + 7*s - 18*s. Calculate d(7).
9
Let o(l) = l**2 - 4*l - 2. Let b = 112 - 109. Give o(b).
-5
Let u(c) = -c + 7. Suppose 4*a - 30 = -a. Let k be a*(-4)/((-8)/(-13)). Let w be 4/6 - 247/k. Give u(w).
0
Suppose 13*m - 10*m = 3. Suppose -5*j = 2*g - 19, 5*g = -3*j - m + 20. Suppose -g*y - 28 = 5*y. Let l(p) = -p**2 - 5*p. Determine l(y).
4
Let o(z) = z + 60 + 67 - 134. Let t(a) be the first derivative of -3*a**2/2 + 14*a + 1. Let q(f) = -7*o(f) - 3*t(f). Determine q(-5).
-3
Let b(a) = -5*a - 34. Suppose 144*k - 141*k = -24. What is b(k)?
6
Let a(c) be the first derivative of 2*c**2 - c - 144. Determine a(-3).
-13
Suppose c - 4*c + 5*p = 11, 5*p + 5 = -5*c. Let y = -2 - c. Let d(f) = -f**3 - f**2 - 3. Give d(y).
-3
Let r(b) = -b**2 + 4*b + 3. Let n(j) be the second derivative of -j**3/6 + 8*j**2 - 8*j. Let m be n(12). Determine r(m).
3
Let n(w) = -3*w + 1. Let z(i) = -i**3 - 21*i**2 + 2*i + 47. Let p be z(-21). Determine n(p).
-14
Suppose 54 = -4*f - 2*s + 12, -2*s = -f - 18. Let t(y) = y + 14. Determine t(f).
2
Let y(m) = 3*m - 7. Let b(c) = 14*c - 32. Let a(f) = 4*b(f) - 18*y(f). Determine a(3).
4
Suppose -3*u - 3 = 5*i - 5, 0 = 3*i + 6. Let z(m) = 10*m - u*m - 3*m**2 + m**3 + 2 + 10*m**2. Suppose 4*x + 17 = -7. Calculate z(x).
2
Let z(m) = -363 + 174 + 3*m + 179 + 2*m**2. Give z(-3).
-1
Let b be 10/6 - (-8)/24. Let q(n) = -n + 9*n**2 + 5*n**b - 7*n**2. Determine q(1).
6
Let d(z) = -6*z**2 - 5*z + 2. Let t(v) = 9*v**2 + 7*v - 3. Let j(i) = -7*d(i) - 5*t(i). Let a = -85 - -84. Calculate j(a).
-2
Let t(m) = -4*m**3 + 7*m + 9*m**2 + 0*m**3 + 5*m**3 - 7. Let n be -8 + (-72)/(-12) - 6. Determine t(n).
1
Let o(a) = -a**3 - 9*a**2 + 2*a + 24. Suppose 66*g + 414 = 20*g. What is o(g)?
6
Let x be 1/2 - (60/(-8) - -1). Let w(m) = -3*m + 6*m + 2*m - 1. Let f(v) = -6*v + 2. Let l(z) = x*w(z) + 6*f(z). Determine l(-5).
10
Let z(n) = 2*n + 45. Let o(l) = -l - 23. Let q(b) = 7*o(b) + 4*z(b). What is q(-6)?
13
Let d(v) = -v**2 - 6*v + 4. Suppose 0 = -k - 7*i + 3*i + 12, -5*k + 5*i - 40 = 0. Give d(k).
12
Suppose f + 8 = 3*m - 4*f, m + 4*f + 20 = 0. Let b(p) = -p - 5. Let z be b(m). Let t(c) = -7 - 12 + 5*c + 20 - 3*c + 9*c**2. Determine t(z).
8
Let a(h) = -h**3 - 6*h**2 + 8*h + 7. Let b be a(-7). Suppose -2*o + 12*o - 50 = b. Let m(s) = -s**2 + 6*s - 5. What is m(o)?
0
Let q(d) = -d**2 - 9*d + 36. Let w(j) = -3*j**2 - 16*j + 72. Let k(v) = -5*q(v) + 2*w(v). Give k(10).
-6
Let i = 9 + 1. Let c(s) = -s**2 + 14*s - 2. Calculate c(i).
38
Let d(m) be the second derivative of -m**4/12 + m**3 + m**2 + 4*m. Let r(p) = 21 - 24 + p**3 - 15*p**2 + 23 + 13*p. Let w be r(14). Give d(w).
2
Let n(o) = o + 2372 - 4750 + 2371. Determine n(-6).
-13
Let h(g) = -4*g + 17. Suppose 4*l + 6 + 22 = 2*p, -3*l = -p + 18. Determine h(p).
-7
Let r(v) be the second derivative of -v**4/24 - 8*v**2 - 22*v. Let p(w) be the first derivative of r(w). Give p(5).
-5
Let c(j) = -1 + 10*j**2 - 5*j**2 - j**2 - 4*j**2 - 6*j**2. Let q = 0 + 1. Give c(q).
-7
Let h(b) = b**2 - 5*b + 7. Suppose 8 = -i - 2*r, i + 0*r = 5*r + 27. Suppose f = -i*f + 15. What is h(f)?
7
Let p(i) = i**2 - 223*i + 436*i - 224*i - 11. Give p(12).
1
Let z(y) be the third derivative of 4*y**5/15 - y**4/12 - y**3/6 - 61*y**2 - 3*y. Suppose 5 - 1 = -4*m. What is z(m)?
17
Let y(v) be the second derivative of v**4/12 - 4*v**3/3 + v**2/2 - 114*v. Let o = 8 + 0. Determine y(o).
1
Suppose 4*w - 11 = 9. Suppose 2*p - 19 - w = u, u + 8 = -2*p. Let n be (4 - 0)*(-24)/u. Let x(i) = i - 3. Determine x(n).
3
Let l be (1 - 31/4) + 279/372. Let v(a) = -4*a - 21. Calculate v(l).
3
Let k = 615 - 613. Let s(o) = -o**3 - 2*o**2 + 2*o - 1. Calculate s(k).
-13
Suppose 2*s - 18 = 2*g, -2*g + 12 = 4*s + 6. Suppose s*b + 171 = 191. Let o(i) be the first derivative of -i**4/4 + 5*i**3/3 - i**2/2 + 3*i - 1. Calculate o(b).
-2
Let j(k) = -9*k**3. Let g(l) = -l**2 + 3*l + 29. Let q(c) = 2*c**2 - 7*c - 58. Let b(w) = 13*g(w) + 6*q(w). Let z be b(-7). Determine j(z).
-9
Let b(h) = -h**2 + 9*h - 10. Let l be b(8). Suppose -4*y + 251 = 2*t + 55, 0 = -4*y + t + 190. Let n be (y/(-36))/(l/(-3)). Let u(w) = -5*w - 3. Calculate u(n).
7
Suppose 2*s + 12 = -5*v, v - 2*s - s - 1 = 0. Let k(h) = -4*h. Give k(v).
8
Let j(k) = -7*k**2 - 237*k + 33. Let v be j(-34). Let b(o) = -25*o**3 + 1. Calculate b(v).
26
Let q be 6 - 4 - -2 - 1. Let l(p) = 5*p + 13 - p**3 - q*p**2 - 15 + 5. Calculate l(-4).
-1
Let j(k) = -2*k**2 + 0 + 1 - k**2 + 2 + 6*k - k**3. Suppose r - 2*w - 8 = w, 4*w = -16. Determine j(r).
-5
Let r(k) = -2*k**2 - 13*k - 11. Let z(m) = m + 1. Let s(c) = -r(c) - 4*z(c). Determine s(-6).
25
Let l(f) = -20*f**3 + f**2 - 9*f - 5. Let c(a) = 14*a**3 + 6*a + 3. Let k(n) = 7*c(n) + 5*l(n). Calculate k(3).
-22
Let f(v) be the first derivative of v**4/4 - 4*v**3/3 - 4*v**2 - 2*v + 15. What is f(6)?
22
Let z(c) = -c + 6. Let t(s) = -1. Let r(x) = x**2 - 10*x + 8. Let k be r(9). Suppose 3*o - 2*o + 6 = 0. Let n(q) = k*z(q) + o*t(q). Calculate n(1).
1
Let z be (-160)/(-360) - 76/9. Let k(d) = 2*d - 1. Give k(z).
-17
Let p(b) = -97 + 54 + 3*b**3 - b**3 - 8*b**2 - b**3 - 2*b + 52. Give p(8).
-7
Let q(u) = 7*u**2 + 21*u - 12. Let x(l) = -11*l**2 - 33*l + 19. Let h(i) = 8*q(i) + 5*x(i). Suppose 3*b - 12 = 7*b. Give h(b).
-1
Let o(v) be the first derivative of v**4/2 - v**2 - v + 2. Let x be 18/(-12) + (-1)/(-2). Let a be o(x). Let q(r) = -9*r**3 - 2*r**2 - r. What is q(a)?
8
Let m be 4*(-1)/(-8)*4. Let y(d) = -3*d**m - 1 - 1 + 1. Let k be y(-1). Let c(o) = o**2 + 2*o - 2. Determine c(k).
6
Let z(n) = n**2 - 2 + 2 + 5*n. Suppose 0 = -48*r + 8 - 296. Let y be z(r). Let s(o) = -o**2 + 7*o + 6. What is s(y)?
12
Suppose j = -4*n - 11, -5*n - 26 - 14 = -4*j. Let a(y) = 24 + j*y - 4*y**2 - 18 + 3*y**2. Let m be 6 - ((-1 - -1) + 0). Calculate a(m).
0
Let u be 1 + (-3 + 2)/(-1). Let p be ((-2)/4 + 0)*u. Let q = 6 + p. Let j(v) = -3*v + 6. What is j(q)?
-9
Let n(r) = -4*r - 2 + 36*r - 14*r - 12*r - 21*r**2 - 7*r. What is n(-1)?
-22
Let g(f) = -2*f**2 - 4*f - 2. Let h = -41 - -39. Let c(z) = -z**2 - 4*z - 3. Let i = 4 - 1. Let d(l) = h*g(l) + i*c(l). Determine d(5).
0
Let k = 20 + -6. Let n(d) = d - 14. Let s be n(k). Let j(z) = -z**3 - z**2 - z - 6. Give j(s).
-6
Let d(i) = 2*i**3 - i + 1. Let y be d(1). Suppose k - 12 = -0*k - 3*l, y*k + 12 = 3*l. Let t(r) = r**2 - 17. Calculate t(k).
-17
Let j be (-1)/((-2)/(-8)*-1). Suppose -2*c - 1 = i, 0 = -2*c - 2*i + 7*i + 5. Let l(t) = c + 15 + t + 5*t - 2*t**2 -